{"id":120,"date":"2017-05-21T18:05:28","date_gmt":"2017-05-21T16:05:28","guid":{"rendered":"http:\/\/loeper-partner.de\/cms\/?page_id=120"},"modified":"2017-05-21T20:39:54","modified_gmt":"2017-05-21T18:39:54","slug":"honorar-2","status":"publish","type":"page","link":"https:\/\/loeper-partner.de\/cms\/honorar-2\/","title":{"rendered":"Honorar"},"content":{"rendered":"<p>[et_pb_section bb_built=&#8220;1&#8243; admin_label=&#8220;section&#8220; transparent_background=&#8220;off&#8220; background_color=&#8220;#454d4c&#8220; allow_player_pause=&#8220;off&#8220; inner_shadow=&#8220;off&#8220; parallax=&#8220;off&#8220; parallax_method=&#8220;on&#8220; make_fullwidth=&#8220;off&#8220; use_custom_width=&#8220;off&#8220; width_unit=&#8220;on&#8220; make_equal=&#8220;off&#8220; use_custom_gutter=&#8220;off&#8220;][et_pb_row admin_label=&#8220;row&#8220;][et_pb_column type=&#8220;4_4&#8243;][et_pb_image admin_label=&#8220;Bild&#8220; src=&#8220;http:\/\/loeper-partner.de\/cms\/wp-content\/uploads\/2017\/05\/logoloeperweb2.jpg&#8220; show_in_lightbox=&#8220;off&#8220; url_new_window=&#8220;off&#8220; use_overlay=&#8220;off&#8220; sticky=&#8220;on&#8220; align=&#8220;center&#8220; always_center_on_mobile=&#8220;on&#8220; use_border_color=&#8220;off&#8220; border_color=&#8220;#ffffff&#8220; border_style=&#8220;solid&#8220; max_width=&#8220;900px&#8220; force_fullwidth=&#8220;off&#8220; animation=&#8220;left&#8220; \/][et_pb_image admin_label=&#8220;Bild&#8220; src=&#8220;http:\/\/loeper-partner.de\/cms\/wp-content\/uploads\/2017\/05\/honorar.jpg&#8220; show_in_lightbox=&#8220;off&#8220; url_new_window=&#8220;off&#8220; use_overlay=&#8220;off&#8220; sticky=&#8220;on&#8220; align=&#8220;center&#8220; always_center_on_mobile=&#8220;on&#8220; use_border_color=&#8220;off&#8220; border_color=&#8220;#ffffff&#8220; border_style=&#8220;solid&#8220; max_width=&#8220;900px&#8220; force_fullwidth=&#8220;off&#8220; animation=&#8220;left&#8220; \/][\/et_pb_column][\/et_pb_row][et_pb_row admin_label=&#8220;Zeile&#8220;][et_pb_column type=&#8220;1_2&#8243;][et_pb_text admin_label=&#8220;Text&#8220; background_layout=&#8220;dark&#8220; text_orientation=&#8220;left&#8220; use_border_color=&#8220;off&#8220; border_color=&#8220;#ffffff&#8220; border_style=&#8220;solid&#8220; custom_padding=&#8220;|||50px&#8220;]<\/p>\n<p style=\"text-align: left;\">Das Honorar f\u00fcr unsere Leistungen soll transparent und nachvollziehbar sein.<br \/>\nAus diesem Grund halten wir es f\u00fcr wichtig, zu Beginn der Zusammenarbeit auch \u00fcber das Honorar zu sprechen.<\/p>\n<p>Sofern f\u00fcr die au\u00dfergerichtliche T\u00e4tigkeit keine Verg\u00fctungsvereinbarung geschlossen ist, erfolgt die Berechnung nach dem Rechtsanwaltsverg\u00fctungsgesetz (RVG).<br \/>\nAls Bemessungsgrundlage wird der Streitwert herangezogen,<\/p>\n<p>&nbsp;<\/p>\n<p>[\/et_pb_text][\/et_pb_column][et_pb_column type=&#8220;1_2&#8243;][et_pb_text admin_label=&#8220;Text&#8220; background_layout=&#8220;dark&#8220; text_orientation=&#8220;left&#8220; use_border_color=&#8220;off&#8220; border_color=&#8220;#ffffff&#8220; border_style=&#8220;solid&#8220; max_width=&#8220;450px&#8220;]<\/p>\n<p style=\"text-align: left;\">das hei\u00dft, je h\u00f6her das wirtschaftliche Interesse des Mandanten umso h\u00f6her das Honorar.<br \/>\nDas RVG sieht als weitere Kriterien den Umfang und die Schwierigkeit der anwaltlichen T\u00e4tigkeit, die Bedeutung der Angelegenheit sowie die Einkommens- und Verm\u00f6gensverh\u00e4ltnisse des Mandanten vor.<br \/>\nF\u00fcr die T\u00e4tigkeit in gerichtlichen Verfahren sind wir standesrechtlich verpflichtet auf der Grundlage der gesetzlichen Geb\u00fchren abzurechnen.<\/p>\n<p>[\/et_pb_text][\/et_pb_column][\/et_pb_row][\/et_pb_section]<\/p>\n","protected":false},"excerpt":{"rendered":"<p>Das Honorar f\u00fcr unsere Leistungen soll transparent und nachvollziehbar sein. Aus diesem Grund halten wir es f\u00fcr wichtig, zu Beginn der Zusammenarbeit auch \u00fcber das Honorar zu sprechen. Sofern f\u00fcr die au\u00dfergerichtliche T\u00e4tigkeit keine Verg\u00fctungsvereinbarung geschlossen ist, erfolgt die Berechnung nach dem Rechtsanwaltsverg\u00fctungsgesetz (RVG). Als Bemessungsgrundlage wird der Streitwert herangezogen, &nbsp; das hei\u00dft, je h\u00f6her [&hellip;]<\/p>\n","protected":false},"author":1,"featured_media":0,"parent":0,"menu_order":0,"comment_status":"closed","ping_status":"closed","template":"","meta":{"_et_pb_use_builder":"on","_et_pb_old_content":"","_et_gb_content_width":""},"_links":{"self":[{"href":"https:\/\/loeper-partner.de\/cms\/wp-json\/wp\/v2\/pages\/120"}],"collection":[{"href":"https:\/\/loeper-partner.de\/cms\/wp-json\/wp\/v2\/pages"}],"about":[{"href":"https:\/\/loeper-partner.de\/cms\/wp-json\/wp\/v2\/types\/page"}],"author":[{"embeddable":true,"href":"https:\/\/loeper-partner.de\/cms\/wp-json\/wp\/v2\/users\/1"}],"replies":[{"embeddable":true,"href":"https:\/\/loeper-partner.de\/cms\/wp-json\/wp\/v2\/comments?post=120"}],"version-history":[{"count":6,"href":"https:\/\/loeper-partner.de\/cms\/wp-json\/wp\/v2\/pages\/120\/revisions"}],"predecessor-version":[{"id":159,"href":"https:\/\/loeper-partner.de\/cms\/wp-json\/wp\/v2\/pages\/120\/revisions\/159"}],"wp:attachment":[{"href":"https:\/\/loeper-partner.de\/cms\/wp-json\/wp\/v2\/media?parent=120"}],"curies":[{"name":"wp","href":"https:\/\/api.w.org\/{rel}","templated":true}]}}